{"id":49,"date":"2020-02-29T20:03:34","date_gmt":"2020-02-29T19:03:34","guid":{"rendered":"http:\/\/alebudka.pl\/?page_id=49"},"modified":"2023-05-11T10:40:42","modified_gmt":"2023-05-11T08:40:42","slug":"oferta","status":"publish","type":"page","link":"https:\/\/alebudka.pl\/?page_id=49","title":{"rendered":"Oferta"},"content":{"rendered":"\n<div class=\"wp-block-group has-white-background-color has-background\"><div class=\"wp-block-group__inner-container is-layout-flow wp-block-group-is-layout-flow\">\n<div class=\"wp-block-group\"><div class=\"wp-block-group__inner-container is-layout-flow wp-block-group-is-layout-flow\">\n<h6 id=\"wp-block-themeisle-blocks-advanced-heading-1b163bed\" class=\"wp-block-themeisle-blocks-advanced-heading wp-block-themeisle-blocks-advanced-heading-1b163bed\" style=\"color:#000000;font-weight:normal;font-style:normal;text-transform:none;line-height:32px;letter-spacing:0\"> <strong>FOTOBUDKA 360:<\/strong><br><br><em>\u2013  Nagrania najwy\u017cszej jako\u015bci (u\u017cywamy sprz\u0119tu marki <br>Apple z optyczn\u0105 stabilizacj\u0105 obrazu)<br><br>\u2013 Film udost\u0119pniony SMS-em<\/em><br> <em>\u2013 Film udost\u0119pniony za pomoc\u0105 kodu QR<\/em> <br>  <em>\u2013 Film udost\u0119pniony na adres mailowy<\/em> <br>  <em>\u2013 Film udost\u0119pniony za pomoc\u0105 Airdrop<\/em>  <br>  <em>\u2013 Film udost\u0119pniony na instagram &#8211; gotowy link do opublikowania.<\/em>  <em><br><br>Du\u017ca platforma, kt\u00f3ra pomie\u015bci 4 osoby.<br><br>\u2013 Dodatkowe efekty (ba\u0144ki, cash gun)<br><br>\u2013 Pomoc animatora<br><br>\u2013 Profesjonalne \u015bwiat\u0142a<br><br>\u2013 Link do wszystkich nagranych film\u00f3w<br><br>\u2013 Gad\u017cety<br><\/em> <br><br><strong>FOTOBUDKA: <em> <\/em><\/strong><br><br><em>&#8211; Nielimitowany wydruk zdj\u0119\u0107<\/em><br><em><br> &#8211; 4 t\u0142a do wyboru <\/em><br><em><br> &#8211; T\u0142o Green Screen (mo\u017cliwo\u015b\u0107 podstawienia komputerowo dowolnego t\u0142a za  osobami ze zdj\u0119cia, r\u00f3wnie\u017c spersonalizowanego na \u017cyczenie)<\/em><br><em><br>&#8211; Dowolne napisy, loga na t\u0142ach, ramkach<\/em><br><em><br> &#8211; Dwa rodzaje wydruk\u00f3w zdj\u0119\u0107 (poczt\u00f3wka 10&#215;15, b\u0105d\u017a paski 5&#215;15)<\/em><br><em><br>&#8211; Wydruk najwy\u017cszej jako\u015bci na profesjonalnej drukarce termosublimacyjnej<\/em><br><em><br> &#8211; Najwy\u017csza jako\u015b\u0107 zdj\u0119\u0107 (pracujemy na profesjonalnej lustrzance Canon<\/em><br><em><br> &#8211; Profesjonalne \u015bwiat\u0142a studyjne w cenie<\/em><br><em><br> &#8211; Personalizacja t\u0142a, oraz ramek zgodnie z wymaganiami klienta<\/em><br><em><br> &#8211; Obs\u0142uga animatora podczas trwania zlecenia<\/em><br><em><br> &#8211; Multum gad\u017cet\u00f3w do zabawy z nasz\u0105 foto-budk\u0105<\/em><br><em><br> &#8211; Mo\u017cliwo\u015b\u0107 wysy\u0142ki zdj\u0119\u0107 na maila po zrobionym zdj\u0119ciu, oraz pobrania na telefon za pomoc\u0105 kodu QR<\/em><br><em><br> &#8211; Na \u017cyczenie link do galerii zdj\u0119\u0107, wykonanych podczas imprezy<\/em><br><em><br><\/em> <em>\u2013  Zawsze drukujemy dwa paski, dzi\u0119ki czemu jeden mo\u017cemy wkleja\u0107 w ksi\u0119g\u0119  go\u015bci (ilo\u015b\u0107 pask\u00f3w do ustalenia pod indywidualne wymagania)<\/em><br> <em><br> &#8211; Na \u017cyczenie organizujemy r\u00f3wnie\u017c spersonalizowan\u0105 ksi\u0119g\u0119 go\u015bci.<\/em><br><em><br> &#8211; Wystawiamy Faktury &#8211; jeste\u015bmy legaln\u0105 firm\u0105<\/em><br><br><br><strong>CI\u0118\u017bKI DYM:<\/strong><br><br>&#8211; Suchy l\u00f3d w cenie <br>&#8211; Obs\u0142uga maszyny podczas trwania zlecenia<br>&#8211; Du\u017ca maszyna (15kg suchego lodu) &#8211; standardowe maszyny Nimbus pozwalaj\u0105 na zasyp 4,5kg suchego lodu.<br><br> <strong>Napis LOVE:<\/strong><br><br>&#8211; Dojazd w cenie <br>&#8211; Do wyboru dwie wersje &#8211; zewn\u0119trzna i wewn\u0119trzna.<br>Wewn\u0119trzna wersja-  wysoko\u015b\u0107 120cm, szeroko\u015b\u0107 po rozstawieniu ok. 400cm<br> Zewn\u0119trzna wersja-  wysoko\u015b\u0107 123cm, szeroko\u015b\u0107 po rozstawieniu ok. 450cm <br><br> <strong>Zimne iskry:<\/strong><br><br>&#8211; Maksymalnie 8 punkt\u00f3w odpalanych jednocze\u015bnie<br>&#8211; Super efekt podczas pierwszego ta\u0144ca w po\u0142\u0105czeniu z ci\u0119\u017ckim dymem<br>&#8211; Super pokaz podczas tortu i wiele innych &#8211; mo\u017cliwo\u015b\u0107 zastosowania wed\u0142ug uznania Klienta<br> <br> <br><\/h6>\n<\/div><\/div>\n<\/div><\/div>\n","protected":false},"excerpt":{"rendered":"","protected":false},"author":1,"featured_media":30,"parent":0,"menu_order":0,"comment_status":"closed","ping_status":"closed","template":"","meta":{"neve_meta_sidebar":"","neve_meta_container":"","neve_meta_enable_content_width":"","neve_meta_content_width":0,"neve_meta_title_alignment":"","neve_meta_author_avatar":"","neve_post_elements_order":"","neve_meta_disable_header":"","neve_meta_disable_footer":"","neve_meta_disable_title":"","_themeisle_gutenberg_block_has_review":false,"footnotes":""},"class_list":["post-49","page","type-page","status-publish","has-post-thumbnail","hentry"],"_links":{"self":[{"href":"https:\/\/alebudka.pl\/index.php?rest_route=\/wp\/v2\/pages\/49","targetHints":{"allow":["GET"]}}],"collection":[{"href":"https:\/\/alebudka.pl\/index.php?rest_route=\/wp\/v2\/pages"}],"about":[{"href":"https:\/\/alebudka.pl\/index.php?rest_route=\/wp\/v2\/types\/page"}],"author":[{"embeddable":true,"href":"https:\/\/alebudka.pl\/index.php?rest_route=\/wp\/v2\/users\/1"}],"replies":[{"embeddable":true,"href":"https:\/\/alebudka.pl\/index.php?rest_route=%2Fwp%2Fv2%2Fcomments&post=49"}],"version-history":[{"count":24,"href":"https:\/\/alebudka.pl\/index.php?rest_route=\/wp\/v2\/pages\/49\/revisions"}],"predecessor-version":[{"id":236,"href":"https:\/\/alebudka.pl\/index.php?rest_route=\/wp\/v2\/pages\/49\/revisions\/236"}],"wp:featuredmedia":[{"embeddable":true,"href":"https:\/\/alebudka.pl\/index.php?rest_route=\/wp\/v2\/media\/30"}],"wp:attachment":[{"href":"https:\/\/alebudka.pl\/index.php?rest_route=%2Fwp%2Fv2%2Fmedia&parent=49"}],"curies":[{"name":"wp","href":"https:\/\/api.w.org\/{rel}","templated":true}]}}